 1307.
1199
Calculate the remainder when 1337918 is divided by 2951.
1115
What is the remainder when 2566777 is divided by 1979?
14
Calculate the remainder when 56972 is divided by 6894.
1820
What is the remainder when 150642 is divided by 694?
44
Calculate the remainder when 47841 is divided by 2224.
1137
What is the remainder when 8587830 is divided by 506?
504
Calculate the remainder when 7168761 is divided by 68.
65
What is the remainder when 3074670 is divided by 942?
924
Calculate the remainder when 77973951 is divided by 474.
3
Calculate the remainder when 69724247 is divided by 125.
122
Calculate the remainder when 30938 is divided by 470.
388
Calculate the remainder when 6546184 is divided by 71154.
16
What is the remainder when 607854 is divided by 121563?
39
What is the remainder when 43645383 is divided by 5712?
5703
Calculate the remainder when 68788 is divided by 49.
41
Calculate the remainder when 54325776 is divided by 442.
440
What is the remainder when 41066030 is divided by 67?
55
Calculate the remainder when 29690463 is divided by 39.
36
Calculate the remainder when 7162474 is divided by 11369.
4
Calculate the remainder when 75996221 is divided by 2533207.
11
Calculate the remainder when 47637 is divided by 46689.
948
Calculate the remainder when 36318659 is divided by 155.
144
What is the remainder when 554110 is divided by 61?
47
Calculate the remainder when 310666 is divided by 4639.
4492
Calculate the remainder when 43642002 is divided by 4849111.
3
What is the remainder when 141409474 is divided by 2052?
2050
What is the remainder when 160246736 is divided by 287?
286
What is the remainder when 82753788 is divided by 1190?
1188
What is the remainder when 2203255 is divided by 3029?
1172
Calculate the remainder when 343682 is divided by 146.
144
Calculate the remainder when 96782312 is divided by 265157.
7
Calculate the remainder when 1389729 is divided by 694811.
107
Calculate the remainder when 50153654 is divided by 7115.
19
What is the remainder when 146532 is divided by 7267?
1192
What is the remainder when 6350259 is divided by 15641?
13
What is the remainder when 63505 is divided by 39?
13
Calculate the remainder when 37268364 is divided by 18634170.
24
What is the remainder when 1836870 is divided by 268?
266
What is the remainder when 122506 is divided by 40809?
79
What is the remainder when 135022 is divided by 33748?
30
Calculate the remainder when 15297755 is divided by 1271.
1270
Calculate the remainder when 8214445 is divided by 31.
3
Calculate the remainder when 62692875 is divided by 218.
217
What is the remainder when 4385607 is divided by 2192764?
79
Calculate the remainder when 86087 is divided by 5691.
722
What is the remainder when 1064887 is divided by 38031?
19
What is the remainder when 167018685 is divided by 18?
15
What is the remainder when 16824487 is divided by 56269?
56
What is the remainder when 15394 is divided by 7079?
1236
What is the remainder when 13143504 is divided by 370?
364
What is the remainder when 1942034 is divided by 323671?
8
What is the remainder when 14683046 is divided by 14683032?
14
Calculate the remainder when 90867 is divided by 90541.
326
Calculate the remainder when 113900 is divided by 28441.
136
Calculate the remainder when 18727840 is divided by 629.
623
Calculate the remainder when 2634797 is divided by 25.
22
Calculate the remainder when 36676 is divided by 129.
40
What is the remainder when 12204664 is divided by 1929?
1810
Calculate the remainder when 100358 is divided by 846.
530
Calculate the remainder when 18262331 is divided by 51.
47
What is the remainder when 19741 is divided by 498?
319
Calculate the remainder when 7445565 is divided by 1820.
1765
Calculate the remainder when 20115116 is divided by 291523.
29
What is the remainder when 68240194 is divided by 692?
690
Calculate the remainder when 70352 is divided by 3140.
1272
What is the remainder when 1600189 is divided by 4125?
3814
What is the remainder when 1552821 is divided by 18?
15
Calculate the remainder when 539170 is divided by 1434.
1420
What is the remainder when 536446 is divided by 5?
1
Calculate the remainder when 9701997 is divided by 36.
33
Calculate the remainder when 39759623 is divided by 4021.
3996
Calculate the remainder when 2434266 is divided by 486834.
96
Calculate the remainder when 927336 is divided by 4033.
3779
Calculate the remainder when 439896210 is divided by 984.
978
Calculate the remainder when 323358 is divided by 6889.
6464
Calculate the remainder when 2690262 is divided by 2538.
2520
Calculate the remainder when 3556362 is divided by 2117.
1919
What is the remainder when 9052342 is divided by 223?
103
What is the remainder when 6179296 is divided by 9?
4
What is the remainder when 146766870 is divided by 107?
106
What is the remainder when 38618 is divided by 2203?
1167
Calculate the remainder when 688057 is divided by 2112.
1657
What is the remainder when 98395 is divided by 5457?
169
Calculate the remainder when 2446603 is divided by 1420.
1363
What is the remainder when 5377897 is divided by 14?
7
What is the remainder when 2068071 is divided by 1979?
16
What is the remainder when 318649 is divided by 188?
177
Calculate the remainder when 176533330 is divided by 38.
36
What is the remainder when 56874200 is divided by 2619?
2615
Calculate the remainder when 870753 is divided by 62194.
37
What is the remainder when 169108 is divided by 825?
808
What is the remainder when 6623388 is divided by 4635?
4608
What is the remainder when 33015148 is divided by 3150?
3148
What is the remainder when 24011035 is divided by 109141?
15
What is the remainder when 238546175 is divided by 481?
478
What is the remainder when 111353 is divided by 111353?
0
Calculate the remainder when 2516946 is divided by 2096.
1746
Calculate the remainder when 37966 is divided by 2363.
158
What is the remainder when 18365505 is divided by 110635?
95
Calculate the remainder when 817833 is divided by 7847.
1745
Calculate the remainder when 28472 is divided by 2837.
102
What is the remainder when 18267775 is divided by 3450?
25
What is the remainder when 79451941 is divided by 57?
40
Calculate the remainder when 17896 is divided by 5258.
2122
Calculate the remainder when 12962062 is divided by 183.
172
Calculate the remainder when 605486085 is divided by 72.
69
What is the remainder when 32563617 is divided by 3682?
9
What is the remainder when 1540371 is divided by 12238?
10621
What is the remainder when 98158 is divided by 250?
158
What is the remainder when 13293 is divided by 1776?
861
Calculate the remainder when 6736745 is divided by 1171.
1153
Calculate the remainder when 100773 is divided by 142.
95
What is the remainder when 10772 is divided by 343?
139
What is the remainder when 1756644 is divided by 292720?
324
What is the remainder when 375303 is divided by 61?
31
What is the remainder when 168705 is divided by 350?
5
What is the remainder when 12599622 is divided by 41?
35
What is the remainder when 55435430 is divided by 5543543?
0
What is the remainder when 4684905 is divided by 594?
27
Calculate the remainder when 299072 is divided by 3943.
3347
What is the remainder when 555130745 is divided by 162?
161
What is the remainder when 3035700 is divided by 8412?
7380
What is the remainder when 23751974 is divided by 2639107?
11
Calculate the remainder when 380486 is divided by 864.
326
Calculate the remainder when 12518237 is divided by 280.
277
What is the remainder when 3591969 is divided by 256567?
31
Calculate the remainder when 46103 is divided by 2012.
1839
Calculate the remainder when 406616 is divided by 81021.
1511
What is the remainder when 12104088 is divided by 182?
178
Calculate the remainder when 253514 is divided by 12954.
7388
Calculate the remainder when 1735149 is divided by 35.
24
Calculate the remainder when 58439 is divided by 5284.
315
Calculate the remainder when 51634 is divided by 3146.
1298
Calculate the remainder when 22799269 is divided by 130.
129
Calculate the remainder when 8539188 is divided by 22.
20
Calculate the remainder when 2317880851 is divided by 1307.
1306
What is the remainder when 35785 is divided by 2913?
829
What is the remainder when 